2*u. Let r = -1786 + 1826. Calculate the greatest common divisor of u and r.
8
Suppose 5*t - 75 = -2*b, b = -0*b + t + 41. Let g = 147 + -131. Calculate the greatest common factor of b and g.
8
Let a be (-1 + -5)*(-2)/4. Suppose -a*o - 8 = 73. Let w = -7 - o. What is the greatest common divisor of w and 8?
4
Suppose -4*l + 163 = -109. Let s be l + (-6)/(-1 - 1). Let m = s + -20. What is the highest common divisor of 34 and m?
17
Suppose -4*s + 7*s - 6 = 0. Let g be 80/36 - (-2)/(-9). Suppose 3*c = g + 1. Calculate the highest common factor of c and s.
1
Suppose 0 = -4*b - y + 389, 3*b - 5*b + 4*y + 208 = 0. Calculate the greatest common divisor of b and 28.
14
Let u = -173 + -129. Let k(c) = 3*c**2 - 7*c + 7. Let b be k(4). Let g be 6/b - u/18. What is the greatest common factor of 119 and g?
17
Let h be (-218)/(-6) + 1/(-3). Suppose -5*u + 3*p = -54, -3*u = -4*u + 4*p + 21. What is the greatest common factor of u and h?
9
Suppose 2*m - 18 = -b - 0*m, -4*m - 12 = -b. Let d be ((-21)/6)/((-2)/b). Calculate the greatest common divisor of 4 and d.
4
Suppose 2*d + d + 60 = 0. Let v = d - -24. Suppose 0 = 3*m - v*m + 72. Calculate the highest common factor of m and 8.
8
Let o be (-8)/6*15/(-2). Let c(q) = -q**2 - 107*q + 258. Let k be c(-109). What is the highest common factor of k and o?
10
Let b = 156 - 133. Calculate the highest common divisor of b and 115.
23
Let z(q) = 11*q + 6. Let h be z(6). Suppose -6*d - 1 + 43 = 0. Let g be (-1 + 0)/(d + 192/(-27)). What is the highest common divisor of h and g?
9
Let h(z) = 70*z + 445. Let m be h(-6). Let r(n) = -n**2 + 4. Let t be r(0). Let b be 519/21 + t/14. Calculate the highest common divisor of m and b.
25
Suppose 68 = 4*a + h, 0 = a - 2*a + 5*h + 38. Suppose 0 = 4*n - 12*n + 216. What is the greatest common factor of a and n?
9
Let r be 794/12 - (-13)/(-78). Suppose -3*l = 2*x - r, -l - 3*x = -0*l - 15. What is the greatest common divisor of l and 3?
3
Let u = -396 + 418. Let z = 11 - 23. Let v = z - -23. Calculate the greatest common factor of v and u.
11
Suppose -1451 = -34*l + 2357. What is the greatest common divisor of l and 48?
16
Let j(m) = m**3 + 10*m**2 + 8*m + 8. Let o be j(-7). Let l be 2/(-3)*-33 + 3. Let r = 36 - l. What is the greatest common factor of r and o?
11
Suppose -7*o - 456 = -19*o. What is the greatest common divisor of 418 and o?
38
Let o(m) = 2*m**2 - 2*m + 2. Let i be o(-4). What is the greatest common divisor of 56 and i?
14
Let r be 108 + 3*(-3)/(-9). Suppose 4*q + 5 = r. Let c(x) = -x**3 - 4*x**2 + 3*x + 3. Let t be c(-5). Calculate the greatest common divisor of q and t.
13
Suppose 865 = 3*z + 37. Let h be 2 - (9/3 - z). What is the highest common factor of 25 and h?
25
Suppose -25 = -5*u - 5*f, -15 = -4*u + 4*f + 45. Let m = 371 - 219. Suppose m - 52 = 5*n. Calculate the greatest common divisor of n and u.
10
Let g be 7570/35 - 10/35. Let z be (-73)/(-3) + 1/(-3). Calculate the greatest common divisor of z and g.
24
Suppose -5*g + 690 = -p, 4*g + 3*p + 690 = 9*g. Calculate the highest common factor of 66 and g.
6
Let c(m) = -128*m**2 + 2*m + 2. Let f be c(-1). Let x = -201 + 111. Let b = x - f. Calculate the highest common factor of 57 and b.
19
Let o be ((-4)/8 - 1)/(18/(-828)). Calculate the greatest common factor of o and 552.
69
Suppose -40*r = -3778 + 418. Calculate the highest common divisor of r and 105.
21
Let x = 215 - 200. What is the greatest common divisor of x and 55?
5
Suppose -6*l - 10 = -82. Let a = l - 0. Calculate the greatest common divisor of a and 8.
4
Let z be 2/(-10) - (-218)/(-10). Let d be z/77 + (-794)/14. Let a be d/(-2)*(-20)/(-15). Calculate the highest common factor of a and 95.
19
Let a be 8*(-440)/16*236/(-40). Calculate the greatest common divisor of 22 and a.
22
Let j = 59 + -1. Let q = j - 46. Calculate the greatest common factor of q and 36.
12
Let s = 28 + -8. Let z be 1244/s + -6 - 1/5. Let a = 51 + 33. Calculate the greatest common factor of a and z.
28
Suppose -103*a = -32*a - 781. What is the highest common factor of a and 396?
11
Let j(k) = -k + 11. Suppose -4*q - q = 155. Let v = -25 - q. Let u be j(v). What is the greatest common factor of 1 and u?
1
Let b(j) = 45*j**2 - 4. Let n be b(6). Let s = n + -1018. Suppose 402 = 2*v - 3*k, 2*v - 2*k - s = -v. Calculate the greatest common divisor of 22 and v.
22
Let y be (-3)/((-2)/(-3)*180/(-400)). Calculate the greatest common divisor of y and 310.
10
Let g = -8 - -11. Let z be 2/7 + (-2000)/(-56). Suppose 0 = g*j - j - z. Calculate the highest common factor of j and 45.
9
Suppose 5*f = 4*p - 155, -5*f + 146 = 5*p - 14. Calculate the greatest common factor of p and 105.
35
Suppose -3*m = j - 89 - 85, 0 = 5*m - 2*j - 290. What is the highest common factor of 319 and m?
29
Let j = 718 - 606. Calculate the highest common factor of j and 14.
14
Let s(m) = 9*m**2 - 11*m - 4. Let v be (-50)/18 + 3 - 125/(-45). Let k be s(v). What is the highest common divisor of k and 11?
11
Suppose 3*o = 3, -o - 12 = -2*v + 147. Calculate the greatest common divisor of v and 120.
40
Suppose 3*y = 5*y - 326. Suppose 0 = 2*i - 3*k + 46, 3*k + 57 - y = 5*i. Let t = i - -58. What is the highest common divisor of 57 and t?
19
Suppose 5*p + 405 = 3*o, -o + p + 135 = 5*p. What is the highest common divisor of o and 5?
5
Let w be 6/27 + (-266)/(-18). Suppose -136*o - 1042 = 58*o - 50512. Calculate the highest common factor of w and o.
15
Let u be ((-4)/4)/((-5)/(-510)). Let n = u - -122. Calculate the greatest common factor of n and 20.
20
Let v(t) = -8*t - 236. Let q be v(-33). Suppose -2*b + 39 = 5*w, 5*b = 2*w - 8 + 62. Suppose b = -4*z + 7*z. Calculate the highest common divisor of q and z.
4
Let v(a) = a**2 - a + 5. Let g be v(0). Let b(j) = j**2 + 11*j - 16. Let s be b(-13). What is the greatest common factor of g and s?
5
Let k be 197/5 - (-2)/(-5). Let w(l) = 273*l**3 - l**2 - l + 2. Let t be w(1). What is the highest common factor of t and k?
39
Let v(r) = 5*r + 11. Let f be v(-6). Let n = f + 54. Suppose -5*m - u = -29, -2*m + 22 = -u + 4*u. What is the highest common divisor of n and m?
5
Let i be (-28)/(-112) - (-54)/8. Let w = 20 - 168. Let j = w + 211. Calculate the greatest common factor of j and i.
7
Suppose -w = w - 264. Let p = w + -131. Calculate the highest common divisor of p and 2.
1
Let t be (-22)/(-99) + 518/18. Let v(x) = -x + 35. Let h be v(t). What is the highest common factor of 6 and h?
6
Let o(d) = d**3 + 25*d**2 - 32*d + 4. Let v be o(-26). Calculate the highest common divisor of v and 20.
20
Suppose 256 = 4*p + 2*d, 3*p - 38*d = -41*d + 186. Calculate the highest common divisor of p and 88.
22
Suppose -5*b - t + 3*t + 302 = 0, -3*b + 166 = -5*t. Suppose -186 = -2*w - 2*u, 5*w - 6*w - 3*u = -93. Calculate the highest common divisor of w and b.
31
Let p(f) = f**3 + 5*f**2 - 25*f + 18. Let b be p(-7). Calculate the highest common divisor of b and 15.
5
Let u be (-1)/(-1)*(-27)/(-3). Suppose 87*w - 7440 + 2396 - 4352 = 0. What is the greatest common divisor of w and u?
9
Let k be 121 + (-70)/(-7) + -5. Calculate the highest common divisor of 28 and k.
14
Suppose -7 = 4*w + o + 13, 3*o = 3*w + 15. Let h be 3/2 + w/(-10). Let z be (2 - (h + -4))*14. What is the highest common divisor of 8 and z?
8
Let f = -142 + 76. Let j = -37 - f. What is the greatest common factor of 29 and j?
29
Suppose -39 = 4*a - 179. Suppose 14*g - 13*g = a. Calculate the highest common factor of 140 and g.
35
Let k(n) be the first derivative of n**3/3 + 3*n**2/2 + 2*n + 3. Let m be k(-4). Let i be (16/20)/(m/15). What is the highest common divisor of i and 1?
1
Suppose 3*m = 3*a - 237, 0 = -33*m + 29*m - 16. What is the greatest common divisor of 255 and a?
15
Let y(v) = -v + 2. Let i be ((-30)/(-5))/(1*-2). Let m be y(i). Suppose 6*p - 73 = p - x, p = -m*x + 5. What is the greatest common divisor of p and 90?
15
Let z(h) = h**3 + 23*h**2 + 18*h - 73. Let o be z(-22). Calculate the highest common factor of 40 and o.
5
Let n(l) = -6*l - 5. Let r be n(-2). Suppose 0 = 4*c + r - 51. Suppose 0 = 5*m - 4*p - 536 + 41, 4*m = 2*p + 396. What is the highest common divisor of c and m?
11
Let p be (-14031)/(-45) + (-5)/(-25). Calculate the highest common divisor of p and 195.
39
Let h be 3*1*(11 + -14). Let k(l) 